{"id":16,"date":"2016-05-08T17:10:27","date_gmt":"2016-05-08T17:10:27","guid":{"rendered":"http:\/\/mejores-si.com\/inicio\/?page_id=16"},"modified":"2018-01-02T16:57:13","modified_gmt":"2018-01-02T16:57:13","slug":"nosotros-somos","status":"publish","type":"page","link":"http:\/\/mejores-si.com\/inicio\/nosotros-somos\/","title":{"rendered":"Nosotros Somos"},"content":{"rendered":"<div class=\"about-contentbox span7 skt_animate_when_almost_visible skt_left-to-right skt_start_animation\">\n<div class=\"about-bdr\"><\/div>\n<div>\n<div style=\"margin: 1%; float: left; text-align: justify; color: #ffffff; width: 100%;\">\n<p>Una empresa guatemalteca, formada por profesionales dedicados a satisfacer las necesidades inform\u00e1ticas de nuestros clientes, a quienes llamamos amigos y socios de negocio.<br \/>\nEn el a\u00f1o 2004, nacemos como empresa que apoya el desarrollo socio-econ\u00f3mico de las empresas, brindando servicios de consultor\u00eda, asesor\u00eda, dise\u00f1o, desarrollo de aplicaciones a la medida, administraci\u00f3n de proyectos y capacitaci\u00f3n t\u00e9cnica en las distintas \u00e1reas de los sistemas inform\u00e1ticos.<br \/>\nLos miembros de nuestro equipo de trabajo, han contribuido en la formaci\u00f3n de profesionales a nivel universitario, han apoyado en la modernizaci\u00f3n y sistematizaci\u00f3n de procesos administrativos a nivel de sistemas bancarios, comerciales, industriales, agr\u00edcolas y educativos. Nuestro equipo ha dise\u00f1ado sistemas que ayudan a planificar, dirigir, ejecutar y supervisar mejor los recursos financieros, materiales y humanos.<\/p>\n<\/div>\n<div style=\"float: left; text-align: justify; color: #ffffff; width: 100%; margin-left: 1%; margin-right: 1%;\">\n<p>Para nuestro equipo de trabajo las plataformas inform\u00e1ticas no han sido obst\u00e1culos, sino retos superados, han administrado redes en plataformas Unix, Solaris, AS400 , Windows Server y Linux, utilizando bases de datos Oracle, Informix, DB2, MS SQL, Interbase, Postgre y My Sql.<br \/>\nNuestra experiencia se basa en desarrollo de aplicativos utilizando arquitecturas monol\u00edticas, cliente-servidor, multicapas y Orientada a Servicios (SOA).<br \/>\nNo nos quedamos conformes, peri\u00f3dicamente nos actualizamos con la tecnolog\u00eda para brindarle a nuestros amigos el mejor apoyo. Por lo cual desarrollamos tambi\u00e9n aplicativos para equipo m\u00f3vil en los diferentes sistemas operativos Android, IOS y Windows Phone.<\/p>\n<\/div>\n<div style=\"float: top;\"><strong>Nuestro lema es brindarles las MEJORES SOLUCIONES INTEGRADAS.<\/strong><\/div>\n<div id=\"about-read-more\"><a class=\"button-link large-button alignleft\" href=\"http:\/\/www.mejores-si.com\/ContabilidadFacil\">PORTAFOLIO<\/a><\/div>\n<\/div>\n<\/div>\n<div class=\"image-wrapper span5 skt_animate_when_almost_visible skt_right-to-left skt_start_animation\">\n<div id=\"attachment_18\" style=\"width: 464px\" class=\"wp-caption alignnone\"><img loading=\"lazy\" decoding=\"async\" aria-describedby=\"caption-attachment-18\" class=\"alignnone size-full wp-image-251\" src=\"http:\/\/mejores-si.com\/inicio\/wp-content\/uploads\/2018\/01\/msi_servicios.png\" alt=\"NOSOTROS\" width=\"454\" height=\"587\" \/><p id=\"caption-attachment-18\" class=\"wp-caption-text\">Selected by freepik<\/p><\/div>\n<\/div>\n","protected":false},"excerpt":{"rendered":"<p>Una empresa guatemalteca, formada por profesionales dedicados a satisfacer las necesidades inform\u00e1ticas de nuestros clientes, a quienes llamamos amigos y socios de negocio. En el a\u00f1o 2004, nacemos como empresa que apoya el desarrollo socio-econ\u00f3mico de las empresas, brindando servicios de consultor\u00eda, asesor\u00eda, dise\u00f1o, desarrollo de aplicaciones a la medida,&#8230;<\/p>\n","protected":false},"author":1,"featured_media":22,"parent":0,"menu_order":0,"comment_status":"closed","ping_status":"closed","template":"","meta":{"footnotes":""},"class_list":["post-16","page","type-page","status-publish","has-post-thumbnail","hentry"],"_links":{"self":[{"href":"http:\/\/mejores-si.com\/inicio\/wp-json\/wp\/v2\/pages\/16"}],"collection":[{"href":"http:\/\/mejores-si.com\/inicio\/wp-json\/wp\/v2\/pages"}],"about":[{"href":"http:\/\/mejores-si.com\/inicio\/wp-json\/wp\/v2\/types\/page"}],"author":[{"embeddable":true,"href":"http:\/\/mejores-si.com\/inicio\/wp-json\/wp\/v2\/users\/1"}],"replies":[{"embeddable":true,"href":"http:\/\/mejores-si.com\/inicio\/wp-json\/wp\/v2\/comments?post=16"}],"version-history":[{"count":49,"href":"http:\/\/mejores-si.com\/inicio\/wp-json\/wp\/v2\/pages\/16\/revisions"}],"predecessor-version":[{"id":165,"href":"http:\/\/mejores-si.com\/inicio\/wp-json\/wp\/v2\/pages\/16\/revisions\/165"}],"wp:featuredmedia":[{"embeddable":true,"href":"http:\/\/mejores-si.com\/inicio\/wp-json\/wp\/v2\/media\/22"}],"wp:attachment":[{"href":"http:\/\/mejores-si.com\/inicio\/wp-json\/wp\/v2\/media?parent=16"}],"curies":[{"name":"wp","href":"https:\/\/api.w.org\/{rel}","templated":true}]}}